 u = 128 - t. What are the prime factors of u?
5, 17
Let w = 384 - 248. Let x = w + -36. What are the prime factors of x?
2, 5
Let r(b) = -b**3 - 13*b**2 - 30*b + 2. Let h be r(-10). Suppose 5*x - 372 = -h*d + 332, d + 3 = 0. List the prime factors of x.
2, 71
Suppose 561 - 196 = 5*h. Suppose -h = 2*i - 31. List the prime factors of (24/18)/((-2)/i).
2, 7
Suppose -4*d + 14*d - 5230 = 0. List the prime factors of d.
523
What are the prime factors of 5/((-65)/2) + 57600/65?
2, 443
Let k be (-11 - 6)/((-2)/(-4)). Let r be k/(1*(0 - 2)). Let z = 35 - r. What are the prime factors of z?
2, 3
Let s(r) = -2*r + 4. Let o be s(0). Suppose 0 = 5*m - m + o*d + 8, -2*m = -d - 11. Suppose 7*p - m*p = 124. List the prime factors of p.
31
List the prime factors of 264/(-14)*(-42)/4.
2, 3, 11
Suppose 3*z + 3*z + 318 = 0. Let t(x) = 12*x + 5. Let n be t(6). Let l = z + n. List the prime factors of l.
2, 3
List the prime factors of 1/((-2)/(-8)) + 704 + -81.
3, 11, 19
Let h be (-6 - -4)*(-18)/4. Suppose -t + 7 = 3*d - 5, t - 4*d + h = 0. Suppose 2*r = t*c - 13 + 1, -2*c + 18 = 2*r. List the prime factors of c.
2, 3
Let m be 0*1/(-4) + 88. Let g be (-2624)/m + (-2)/11. What are the prime factors of 4/(-10) - 1632/g?
2, 3
Let n = 3279 - -1032. What are the prime factors of n?
3, 479
Suppose -33*q + 72133 = 19135. What are the prime factors of q?
2, 11, 73
Suppose 64*r - 44562 = 22*r. List the prime factors of r.
1061
Let p(h) = 7*h**2 - 9*h + 12. Let m be p(4). Suppose 0*t - m = -4*t. What are the prime factors of t?
2, 11
Let v(p) = 3*p + 9. Let c be v(-5). Let z be (-9)/c + 311/(-2). Let u = -107 - z. What are the prime factors of u?
47
Suppose -27*o = 4*k - 25*o - 5256, -4*k - 5*o = -5244. What are the prime factors of k?
2, 7, 47
Let q(f) = -f**3 - 7*f**2 + 9*f + 8. Let c be q(-8). Suppose 5*s + 3*l + 8 = c, s - 28 = 6*s - 2*l. Let u(r) = 2*r**2 + 4*r + 4. List the prime factors of u(s).
2, 5
Suppose -4*j + 3*j - o - 1 = 0, -2*j + 4*o - 2 = 0. Let f(s) = s**3 + 3*s**2 - 1. Let a be f(-3). What are the prime factors of 5 - (a - (-4 - j))?
3
Suppose 6*x - 28 = -4. Suppose -x*q + 358 = 66. List the prime factors of q.
73
Let j be (1 - -5)*40/15. Let m = j - 3. Suppose 0 = d - 2*d + m. List the prime factors of d.
13
Let z(x) = x - 3. Let w be z(8). Suppose -2*b + 13 = 4*p + w, -3*p = 5*b + 15. List the prime factors of (b/2 - -6) + 3.
2, 3
Let m = -11 - -11. Suppose m*z - 2*q - 7 = -z, 0 = -3*z - q + 49. Suppose -5*y - z = -165. What are the prime factors of y?
2, 3, 5
Let n = -279 - -880. What are the prime factors of n?
601
What are the prime factors of (814 + 26)*(-80)/(-25)?
2, 3, 7
Suppose -2*a - 30 = 3*a - 5*k, a - 2*k = -6. Let b(c) = -14*c - 3. Let v be b(a). List the prime factors of (-3)/(-6) - v/(-2).
41
Let v(d) = d**3 + d**2 + d + 23. Let l be v(0). Suppose y + y + 6 = 0, 4*i = y + l. Suppose m + 0*m + 137 = i*p, 21 = p + 3*m. List the prime factors of p.
3
Let r(b) = b + 6*b - 3 + 0*b + 3*b. Let a be r(2). Suppose 4*o + 24 = 4, -3*t + o + a = 0. What are the prime factors of t?
2
Suppose -2*z + 20 = 3*z. Suppose s - z - 1 = 0. Suppose 0*d + s*d - 115 = 0. What are the prime factors of d?
23
Suppose m - f = 1167, -57*m + 52*m - f = -5829. What are the prime factors of m?
2, 11, 53
Let o be (5/(-15))/((-3)/(-45)). Let r(u) = -u**3 + u**2 + u - 4. Let c be r(o). Let x = c - 85. What are the prime factors of x?
2, 7
Let v = 1739 + -1030. List the prime factors of v.
709
Suppose -3*i + 2161 = -4*t, i = 4*i - 2*t - 2159. What are the prime factors of i?
719
Let a(p) be the third derivative of -p**6/120 - p**5/60 + p**3/6 + 5*p**2. Let y be a(-2). What are the prime factors of 17/(-2 + y - 2)?
17
Suppose 0 = -31*p + 27*p + 2296. Suppose y = 5*a + 44 + 80, -5*y + 2*a + p = 0. What are the prime factors of y?
2, 3, 19
Suppose 0 = 3*s - 736 + 178. Let o = s - 106. Suppose 3*y + y - o = 4*q, 3*y - 5*q - 62 = 0. List the prime factors of y.
19
Suppose 14*d = 35202 - 6082. What are the prime factors of d?
2, 5, 13
Let l(z) = -z**2 - 7*z - 3. Let y be l(-6). Suppose y*m - a + 0*a = 14, -a - 24 = -5*m. What are the prime factors of m/((-10)/(-24))*1?
2, 3
Let c(m) be the first derivative of -m**5/10 - m**4/12 - m**2 + 2*m - 3. Let p(k) be the first derivative of c(k). What are the prime factors of p(-2)?
2, 5
Suppose -5*b + 16 = -b. Suppose -h = -b + 1. Suppose a = 3*i + 26, 0 = -a - h*a - 5*i + 104. List the prime factors of a.
2, 13
Let a be 12/(11 - 5) - 4*-48. Let j = a - 96. What are the prime factors of j?
2, 7
Let j = 3275 - 1557. List the prime factors of j.
2, 859
Suppose 133 = -5*y - 17. Let p be (46/(-6))/(5/y). Let i = p + -32. What are the prime factors of i?
2, 7
What are the prime factors of 25308/32 + -9 - (-2)/16?
2, 17, 23
Let y(z) be the second derivative of z**4/3 + 5*z**3/6 - 7*z**2 - 32*z. What are the prime factors of y(-6)?
2, 5
Let w(r) = 79*r - 115. What are the prime factors of w(6)?
359
Let z be -4*1*(-3)/(-2). Let n be 3/z - (-39)/2. Let s = 48 - n. List the prime factors of s.
29
Suppose -o - 35 = 4*o. List the prime factors of ((-2)/o - 15/(-70))*252.
2, 3, 7
Suppose -5*c - 71 = -16. Let t = 15 + c. Suppose -t*v - 14 + 150 = 0. What are the prime factors of v?
2, 17
Let p be 13/((-39)/(-108)) + 1*3. Suppose -p*z = -35*z - 468. What are the prime factors of z?
3, 13
Let u(p) = 27*p + 6. List the prime factors of u(10).
2, 3, 23
Suppose 4*p + 5*d = 11, -p + 4*d + 16 = 2*p. Suppose 5*r - p*m + 4 - 7 = 0, -3*m + 9 = 0. Suppose -r*x + 60 = -57. What are the prime factors of x?
3, 13
Let u = 34 - 31. Suppose -u*k = k - 488. List the prime factors of (-4)/(-5) + k/10.
13
Let k be 16/40*5*1. Suppose -5*h - 5*w = -1480, k = 2*w - 2. What are the prime factors of h?
2, 3, 7
Let m = 1322 - 171. List the prime factors of m.
1151
Suppose 16*y + 569 = 4329. List the prime factors of y.
5, 47
Suppose -c = 3 - 1, -4*q + 3*c + 398 = 0. Suppose 201 = 3*f + 5*z - 91, -f + q = 2*z. What are the prime factors of f?
2, 47
Let y(t) = -8*t + 31. Let d be y(4). List the prime factors of -4 - (d - (207 - 5)).
199
Suppose 5*q = 0, 3*s - 5*q + 1330 = 11995. List the prime factors of s.
3, 5, 79
Suppose 3*n + 5*j + 18 = 0, 7 - 10 = j. List the prime factors of n - (-1743)/14*4/3.
3, 5, 11
Let l(a) = -5*a + 2. Let n be l(1). List the prime factors of (n/(-6))/(-5 - 1441/(-288)).
2, 3
Let q = 188 + -161. List the prime factors of q.
3
Let h(r) = -69*r + 3235. What are the prime factors of h(0)?
5, 647
Let b = 11 - 21. Let l be b*3/(60/(-112)). Let u = 102 - l. List the prime factors of u.
2, 23
Let q = 35 - 17. What are the prime factors of 1569/q - (-5)/(-30)?
3, 29
Suppose 0 = 4*z - 11 - 1. Suppose -z*w - w = -84. Let d = w - 5. What are the prime factors of d?
2
Suppose 0 = 5*d - 2*a + 285 - 115, 2*d + 68 = a. Let p = -12 - d. List the prime factors of p.
2, 11
Suppose 0 = -d - 5*f + 3230, -61*d - 3229 = -62*d - 4*f. What are the prime factors of d?
3, 5, 43
Let a = 387 + 1289. List the prime factors of a.
2, 419
Let p = -2550 - -6588. What are the prime factors of p?
2, 3, 673
Suppose 0 = 9*p - 11*p + 768. Let r = 569 - p. List the prime factors of r.
5, 37
Let f(k) = 2*k**3 + 28*k**2 + 17*k + 1. List the prime factors of f(-13).
2, 59
Let a(m) = -16*m**2 + m - 6. Let p be a(-4). Let l = 390 + p. List the prime factors of l.
2, 31
Let f(s) = -s**2 - 5*s + 6. Let a be f(-6). Suppose a*y = 3*y - 111. Suppose -3*q - y = -5*n, 21 = n - 4*q - 0*q. What are the prime factors of n?
5
Suppose -5*t - 4*s = -10231, 0*t + 5*s - 2042 = -t. List the prime factors of t.
23, 89
Let z(d) = 6*d**2 - 54*d + 58. What are the prime factors of z(28)?
2, 5, 13
Suppose -4*v + 101 - 6 = -5*n, 5*v + 4*n = 170. Suppose v + 18 = 4*k. What are the prime factors of (k/(-5))/((-22)/165)?
2, 3
Let f = -483 + 1127. What are the prime factors of f?
2, 7, 23
Suppose 0 = -5*f + 33 + 132. Suppose -f = -5*k + 2*k. Let g(b) = b**3 - 12*b**2 + 13*b - 3. List the prime factors of g(k).
19
Let l(b) = 73*b**3 - b**2 + 6*b - 10. Let f be l(4). What are the prime factors of (-3)/((-30)/(-4)) + f/50?
3, 31
Let m(a) = -9 + a**2 + 2*a + 0 + 3 - 47*a**3 + 7. What are the prime factors of m(-1)?
47
Suppose 4*g = -l + 28 + 25, -g + 50 = l. Let t = l - 17. List the prime factors of t/(-12)*-3 - -3.
11
Le